est common divisor of 448 and 192?
64
Calculate the greatest common divisor of 64124 and 44321.
943
Calculate the highest common divisor of 336 and 63280.
112
What is the highest common factor of 1700 and 336400?
100
Calculate the highest common divisor of 1435 and 280.
35
What is the greatest common factor of 18396 and 300?
12
What is the highest common factor of 1075934 and 142?
142
Calculate the greatest common divisor of 1157241 and 34.
17
Calculate the greatest common divisor of 44 and 1762684.
44
What is the highest common factor of 1117 and 11372177?
1117
Calculate the highest common divisor of 63 and 360.
9
Calculate the highest common factor of 259897 and 22.
11
Calculate the highest common divisor of 712 and 563548.
356
Calculate the highest common divisor of 820 and 494420.
20
Calculate the greatest common divisor of 28245 and 245.
35
Calculate the greatest common divisor of 13823 and 391.
23
What is the greatest common factor of 5688 and 1152?
72
What is the highest common divisor of 1662 and 384?
6
What is the greatest common factor of 12483 and 1794924?
657
What is the greatest common divisor of 4047287 and 23?
23
Calculate the greatest common factor of 131974 and 76.
38
What is the highest common factor of 5225 and 645?
5
What is the greatest common divisor of 14384 and 1424?
16
Calculate the greatest common divisor of 38 and 618678.
38
Calculate the highest common factor of 5665 and 99.
11
Calculate the greatest common factor of 211 and 217963.
211
What is the greatest common divisor of 115 and 2962745?
115
Calculate the greatest common divisor of 205317 and 1512.
63
Calculate the highest common factor of 154 and 8393.
77
Calculate the greatest common factor of 30 and 29270.
10
What is the highest common factor of 287 and 408401?
287
What is the greatest common factor of 319485 and 855?
285
Calculate the greatest common divisor of 71070 and 2472.
618
What is the highest common factor of 7808 and 128?
128
Calculate the greatest common divisor of 4 and 26633.
1
Calculate the greatest common divisor of 8292 and 96.
12
What is the greatest common factor of 9317 and 1155?
77
Calculate the greatest common factor of 11004 and 1722.
42
What is the highest common factor of 1444 and 8816?
76
Calculate the greatest common divisor of 12 and 8367.
3
Calculate the greatest common divisor of 126 and 491631.
21
Calculate the highest common factor of 3024 and 46548.
108
Calculate the highest common divisor of 194273 and 1965.
131
Calculate the highest common divisor of 1092 and 8216.
52
Calculate the greatest common factor of 5254588 and 887.
887
Calculate the highest common divisor of 144 and 24498.
18
What is the greatest common divisor of 609 and 1190653?
29
What is the highest common divisor of 28067 and 16637?
127
Calculate the greatest common factor of 232 and 127216.
8
Calculate the greatest common divisor of 163 and 382072.
163
What is the greatest common factor of 32007 and 24957?
141
Calculate the highest common factor of 850 and 60150.
50
What is the highest common divisor of 2489 and 437?
19
What is the highest common divisor of 338 and 2896153?
169
Calculate the highest common factor of 78 and 7902.
6
What is the greatest common divisor of 2592 and 71748?
36
What is the highest common factor of 5528902 and 11630?
2326
Calculate the greatest common factor of 290 and 12847.
29
What is the greatest common factor of 12209 and 5887?
29
Calculate the highest common factor of 904 and 185772.
452
Calculate the highest common factor of 143157 and 802.
401
What is the greatest common divisor of 410368 and 15232?
896
What is the highest common divisor of 3375 and 692625?
375
Calculate the greatest common factor of 36727 and 57.
19
What is the highest common factor of 6137 and 46208?
361
Calculate the highest common divisor of 9513 and 24129.
63
Calculate the highest common factor of 1661 and 755.
151
Calculate the greatest common divisor of 1063 and 1032173.
1063
What is the greatest common factor of 100 and 40980?
20
What is the greatest common divisor of 32279 and 338?
169
What is the greatest common divisor of 518 and 6426?
14
What is the greatest common divisor of 30613 and 69?
23
What is the greatest common divisor of 5104 and 367256?
232
What is the highest common factor of 34181 and 8645?
133
What is the greatest common factor of 337 and 1643549?
337
Calculate the greatest common divisor of 3484 and 586451.
67
Calculate the highest common factor of 153157 and 115.
23
Calculate the greatest common divisor of 4467 and 338003.
1489
What is the highest common divisor of 1071 and 3808?
119
Calculate the greatest common divisor of 242 and 3982.
22
Calculate the greatest common divisor of 25074 and 9198.
126
Calculate the highest common factor of 5538 and 37914.
426
What is the greatest common factor of 235 and 36237?
47
What is the highest common factor of 4 and 193412?
4
What is the highest common factor of 1113 and 237864?
159
Calculate the greatest common divisor of 5254181 and 1671.
557
Calculate the highest common factor of 6086 and 20406.
358
Calculate the highest common divisor of 645 and 17625.
15
What is the highest common divisor of 32 and 12248?
8
Calculate the greatest common factor of 323 and 821134.
17
Calculate the greatest common factor of 38728 and 141.
47
Calculate the highest common divisor of 406 and 9425.
29
Calculate the greatest common divisor of 8 and 19.
1
What is the greatest common divisor of 45 and 530895?
15
What is the highest common factor of 4066 and 304?
38
Calculate the highest common factor of 18084 and 108.
12
What is the greatest common divisor of 45 and 19720?
5
What is the greatest common divisor of 132 and 7909?
11
What is the highest common divisor of 736 and 105846?
46
Calculate the greatest common divisor of 3681 and 1502257.
409
Calculate the greatest common factor of 1394 and 2214.
82
What is the greatest common divisor of 459828 and 318?
318
Calculate the greatest common factor of 2666 and 1426.
62
What is the highest common factor of 17954 and 14134?
382
What is the greatest common factor of 139 and 94103?
139
Calculate the greatest common divisor of 88872 and 1848.
168
What is the greatest common divisor of 213614 and 2032?
254
What is the highest common factor of 2873 and 39546?
169
What is the highest common factor of 374243 and 152?
19
What is the highest common factor of 25 and 2375225?
25
Calculate the highest common divisor of 24 and 388140.
12
Calculate the greatest common factor of 36167 and 19003.
613
What is the greatest common divisor of 2967618 and 582?
582
Calculate the greatest common divisor of 54786 and 414.
138
Calculate the greatest common divisor of 88746 and 42.
42
What is the highest common divisor of 59861 and 62?
31
Calculate the highest common divisor of 26364 and 96.
12
Calculate the highest common divisor of 48152 and 13.
13
What is the highest common factor of 524 and 17947?
131
Calculate the greatest common divisor of 8856 and 26937.
369
Calculate the greatest common divisor of 10417 and 245273.
947
Calculate the highest common divisor of 8 and 44694.
2
Calculate the greatest common factor of 6576 and 60.
12
What is the greatest common factor of 258 and 20910?
6
Calculate the greatest common divisor of 46096 and 4472.
344
What is the highest common divisor of 1728 and 630144?
576
What is the greatest common divisor of 268542 and 378?
54
Calculate the greatest common factor of 32 and 58472.
8
Calculate the highest common factor of 88 and 4444.
44
Calculate the highest common factor of 100 and 475475.
25
Calculate the greatest common factor of 190 and 269135.
95
Calculate the highest common factor of 649932 and 492.
492
Calculate the highest common factor of 286572 and 132.
132
Calculate the highest common divisor of 1227 and 83.
1
Calculate the greatest common factor of 931327 and 37.
37
Calculate the highest common factor of 111424 and 6.
2
Calculate the greatest common divisor of 363 and 1922811.
363
Calculate the greatest common divisor of 126412 and 1156.
68
Calculate the highest common factor of 974853 and 458.
229
Calculate the highest common divisor of 170560 and 2340.
260
Calculate the highest common divisor of 1071315 and 1330.
665
What is the highest co